{"id":61,"date":"2020-09-17T08:59:57","date_gmt":"2020-09-17T08:59:57","guid":{"rendered":"https:\/\/www.medoslo.no\/tkm\/?page_id=61"},"modified":"2020-11-26T11:41:36","modified_gmt":"2020-11-26T11:41:36","slug":"behandlinger","status":"publish","type":"page","link":"https:\/\/www.medoslo.no\/tkm\/behandlinger\/","title":{"rendered":"Behandlinger"},"content":{"rendered":"<p>[et_pb_section fb_built=&#8221;1&#8243; fullwidth=&#8221;on&#8221; next_background_color=&#8221;#dbedd9&#8243; _builder_version=&#8221;4.6.1&#8243; background_color=&#8221;#f0ffef&#8221; custom_padding=&#8221;0px|0px|0|0px|false|false&#8221; bottom_divider_style=&#8221;wave2&#8243;][et_pb_fullwidth_image src=&#8221;https:\/\/www.medoslo.no\/tkm\/wp-content\/uploads\/2020\/09\/traditional-chinese-pix3666268.jpg&#8221; _builder_version=&#8221;3.19.12&#8243;][\/et_pb_fullwidth_image][\/et_pb_section][et_pb_section fb_built=&#8221;1&#8243; _builder_version=&#8221;4.6.1&#8243; background_color=&#8221;#dbedd9&#8243; custom_padding=&#8221;40px|0px|40px|0px|true|false&#8221;][et_pb_row column_structure=&#8221;1_4,1_2,1_4&#8243; use_custom_gutter=&#8221;on&#8221; _builder_version=&#8221;4.7.3&#8243; custom_margin=&#8221;40px||||false|false&#8221;][et_pb_column type=&#8221;1_4&#8243; _builder_version=&#8221;3.25&#8243; custom_padding=&#8221;|||&#8221; custom_padding__hover=&#8221;|||&#8221;][et_pb_divider color=&#8221;#85a364&#8243; divider_position=&#8221;center&#8221; divider_weight=&#8221;4px&#8221; _builder_version=&#8221;4.6.1&#8243; max_width=&#8221;80%&#8221; module_alignment=&#8221;center&#8221;][\/et_pb_divider][\/et_pb_column][et_pb_column type=&#8221;1_2&#8243; _builder_version=&#8221;3.25&#8243; custom_padding=&#8221;|||&#8221; custom_padding__hover=&#8221;|||&#8221;][et_pb_text _builder_version=&#8221;4.7.3&#8243; text_text_color=&#8221;#4c5b5c&#8221; header_font=&#8221;|600|||||||&#8221; header_text_color=&#8221;#4c5b5c&#8221; header_font_size=&#8221;3.5vw&#8221; header_line_height=&#8221;1.2em&#8221; header_2_font=&#8221;|600||on|||||&#8221; header_2_text_color=&#8221;#4c5b5c&#8221; header_2_font_size=&#8221;2vw&#8221; header_2_line_height=&#8221;1.2em&#8221; header_3_text_color=&#8221;#f19c79&#8243; header_3_font_size=&#8221;1.2vw&#8221; header_3_line_height=&#8221;1.2em&#8221; header_4_text_color=&#8221;#b24c63&#8243; header_4_font_size=&#8221;1.2vw&#8221; header_4_line_height=&#8221;1.2em&#8221; hover_enabled=&#8221;0&#8243; text_font_size_tablet=&#8221;&#8221; text_font_size_phone=&#8221;&#8221; text_font_size_last_edited=&#8221;on|desktop&#8221; text_line_height_tablet=&#8221;&#8221; text_line_height_phone=&#8221;1.6em&#8221; text_line_height_last_edited=&#8221;on|desktop&#8221; header_font_size_tablet=&#8221;8vw&#8221; header_font_size_phone=&#8221;8vw&#8221; header_font_size_last_edited=&#8221;on|phone&#8221; header_2_font_size_tablet=&#8221;6vw&#8221; header_2_font_size_phone=&#8221;6vw&#8221; header_2_font_size_last_edited=&#8221;on|desktop&#8221; header_3_font_size_tablet=&#8221;3vw&#8221; header_3_font_size_phone=&#8221;4vw&#8221; header_3_font_size_last_edited=&#8221;on|phone&#8221; header_4_font_size_tablet=&#8221;3vw&#8221; header_4_font_size_phone=&#8221;4vw&#8221; header_4_font_size_last_edited=&#8221;on|desktop&#8221; sticky_enabled=&#8221;0&#8243;]<\/p>\n<h1 style=\"text-align: center;\">MEDIchi<\/h1>\n<h1 style=\"text-align: center;\">BEHANDLINGER<\/h1>\n<p>[\/et_pb_text][\/et_pb_column][et_pb_column type=&#8221;1_4&#8243; _builder_version=&#8221;3.25&#8243; custom_padding=&#8221;|||&#8221; custom_padding__hover=&#8221;|||&#8221;][et_pb_divider color=&#8221;#85a364&#8243; divider_position=&#8221;center&#8221; divider_weight=&#8221;4px&#8221; _builder_version=&#8221;4.6.1&#8243; max_width=&#8221;80%&#8221; module_alignment=&#8221;center&#8221;][\/et_pb_divider][\/et_pb_column][\/et_pb_row][et_pb_row _builder_version=&#8221;4.6.3&#8243; _module_preset=&#8221;default&#8221;][et_pb_column type=&#8221;4_4&#8243; _builder_version=&#8221;4.6.3&#8243; _module_preset=&#8221;default&#8221;][et_pb_text _builder_version=&#8221;4.6.3&#8243; _module_preset=&#8221;default&#8221; text_text_color=&#8221;#4c5b5c&#8221; header_font=&#8221;|600||on|||||&#8221; header_text_color=&#8221;#000000&#8243; header_font_size=&#8221;4vw&#8221; header_line_height=&#8221;1.2em&#8221; header_2_font=&#8221;|600||on|||||&#8221; header_2_text_color=&#8221;#4c5b5c&#8221; header_2_font_size=&#8221;2vw&#8221; header_2_line_height=&#8221;1.2em&#8221; header_3_text_color=&#8221;#f19c79&#8243; header_3_font_size=&#8221;1.2vw&#8221; header_3_line_height=&#8221;1.2em&#8221; header_4_text_color=&#8221;#b24c63&#8243; header_4_font_size=&#8221;1.2vw&#8221; header_4_line_height=&#8221;1.2em&#8221; text_font_size_tablet=&#8221;&#8221; text_font_size_phone=&#8221;&#8221; text_font_size_last_edited=&#8221;on|desktop&#8221; text_line_height_tablet=&#8221;&#8221; text_line_height_phone=&#8221;1.6em&#8221; text_line_height_last_edited=&#8221;on|desktop&#8221; header_font_size_tablet=&#8221;8vw&#8221; header_font_size_phone=&#8221;8vw&#8221; header_font_size_last_edited=&#8221;on|phone&#8221; header_2_font_size_tablet=&#8221;6vw&#8221; header_2_font_size_phone=&#8221;6vw&#8221; header_2_font_size_last_edited=&#8221;on|desktop&#8221; header_3_font_size_tablet=&#8221;3vw&#8221; header_3_font_size_phone=&#8221;4vw&#8221; header_3_font_size_last_edited=&#8221;on|phone&#8221; header_4_font_size_tablet=&#8221;3vw&#8221; header_4_font_size_phone=&#8221;4vw&#8221; header_4_font_size_last_edited=&#8221;on|desktop&#8221;]<\/p>\n<p><span>Hos oss kan du bestille hver behandling for seg eller du kan f\u00e5 en kombinasjon av enkelte behandlinger, som f.eks. en kombinasjon av akupunktur og soneterapi, eller akupunktur og kopping.<\/span><\/p>\n<p>[\/et_pb_text][\/et_pb_column][\/et_pb_row][\/et_pb_section][et_pb_section fb_built=&#8221;1&#8243; _builder_version=&#8221;4.6.1&#8243; background_color=&#8221;#dbedd9&#8243;][et_pb_row column_structure=&#8221;1_3,1_3,1_3&#8243; use_custom_gutter=&#8221;on&#8221; make_equal=&#8221;on&#8221; _builder_version=&#8221;4.6.3&#8243; background_color=&#8221;#FFFFFF&#8221; custom_margin=&#8221;||||false|true&#8221; custom_padding=&#8221;40px|40px|40px|40px|true|true&#8221;][et_pb_column type=&#8221;1_3&#8243; _builder_version=&#8221;4.6.3&#8243; custom_padding=&#8221;20px|20px|20px|20px|true|true&#8221; box_shadow_style=&#8221;preset2&#8243; custom_padding__hover=&#8221;|||&#8221;][et_pb_blurb title=&#8221;Akupunktur&#8221; image=&#8221;https:\/\/www.medoslo.no\/tkm\/wp-content\/uploads\/2020\/09\/acupuncture-pix5126777-300&#215;300.jpg&#8221; alt=&#8221;acupuncture-&#8221; image_max_width=&#8221;80%&#8221; module_class=&#8221;hyperlink-color&#8221; _builder_version=&#8221;4.6.6&#8243; _dynamic_attributes=&#8221;link_option_url&#8221; header_level=&#8221;h3&#8243; header_font=&#8221;|700|||||||&#8221; header_text_color=&#8221;#747d88&#8243; body_font=&#8221;Open Sans||||||||&#8221; body_text_color=&#8221;#747d88&#8243; body_font_size=&#8221;18px&#8221; background_color=&#8221;rgba(0,0,0,0)&#8221; text_orientation=&#8221;center&#8221; link_option_url=&#8221;@ET-DC@eyJkeW5hbWljIjp0cnVlLCJjb250ZW50IjoicG9zdF9saW5rX3VybF9wYWdlIiwic2V0dGluZ3MiOnsicG9zdF9pZCI6IjQyMyJ9fQ==@&#8221; border_radii_image=&#8221;on|50%|50%|50%|50%&#8221; border_width_all_image=&#8221;4px&#8221; border_color_all_image=&#8221;#747d88&#8243; box_shadow_style_image=&#8221;preset3&#8243;]<\/p>\n<p style=\"text-align: center;\">Akupunktur kan brukes som behandling p\u00e5 en lang rekke tilstander og helseproblemer. I tillegg kan akupunktur benyttes som en forebyggende og velv\u00e6rebehandling.<\/p>\n<p style=\"text-align: center;\"><a href=\"..\/akupunktur\">Les mer<\/a><\/p>\n<p>[\/et_pb_blurb][\/et_pb_column][et_pb_column type=&#8221;1_3&#8243; _builder_version=&#8221;3.25&#8243; custom_padding=&#8221;20px|20px|20px|20px|true|true&#8221; box_shadow_style=&#8221;preset2&#8243; custom_padding__hover=&#8221;|||&#8221;][et_pb_blurb title=&#8221;Gua Sha&#8221; image=&#8221;https:\/\/www.medoslo.no\/tkm\/wp-content\/uploads\/2020\/09\/massage-pix2169099-300&#215;300.jpg&#8221; alt=&#8221;Skj\u00f8nnhetsbehandling&#8221; image_max_width=&#8221;80%&#8221; module_class=&#8221;hyperlink-color&#8221; _builder_version=&#8221;4.7.3&#8243; header_level=&#8221;h3&#8243; header_font=&#8221;|700|||||||&#8221; header_text_color=&#8221;#747d88&#8243; body_font=&#8221;Open Sans||||||||&#8221; body_text_color=&#8221;#747d88&#8243; body_font_size=&#8221;18px&#8221; background_color=&#8221;rgba(0,0,0,0)&#8221; text_orientation=&#8221;center&#8221; border_radii_image=&#8221;on|50%|50%|50%|50%&#8221; border_width_all_image=&#8221;4px&#8221; border_color_all_image=&#8221;#747d88&#8243; box_shadow_style_image=&#8221;preset3&#8243;]<\/p>\n<p style=\"text-align: center;\">Gua Sha stimulerer hud, muskler og nervevev, \u00f8kt utskillelse av toksiner, renser kroppen og bedrer s\u00f8vn, hjelper blodsirkulasjonen og fjerner spenninger.<\/p>\n<p style=\"text-align: center;\"><a href=\"..\/guasha\">Les mer<\/a><\/p>\n<p>[\/et_pb_blurb][\/et_pb_column][et_pb_column type=&#8221;1_3&#8243; _builder_version=&#8221;3.25&#8243; custom_padding=&#8221;20px|20px|20px|20px|true|true&#8221; box_shadow_style=&#8221;preset2&#8243; custom_padding__hover=&#8221;|||&#8221;][et_pb_blurb title=&#8221;Kosmetisk Akupunktur&#8221; image=&#8221;https:\/\/www.medoslo.no\/tkm\/wp-content\/uploads\/2020\/09\/facial-acupuncture-300&#215;300.jpg&#8221; alt=&#8221;ansikts akupunktur&#8221; image_max_width=&#8221;80%&#8221; module_class=&#8221;hyperlink-color&#8221; _builder_version=&#8221;4.7.0&#8243; header_level=&#8221;h3&#8243; header_font=&#8221;|700|||||||&#8221; header_text_color=&#8221;#747d88&#8243; body_font=&#8221;Open Sans||||||||&#8221; body_text_color=&#8221;#747d88&#8243; body_font_size=&#8221;18px&#8221; background_color=&#8221;rgba(0,0,0,0)&#8221; text_orientation=&#8221;center&#8221; border_radii_image=&#8221;on|50%|50%|50%|50%&#8221; border_width_all_image=&#8221;4px&#8221; border_color_all_image=&#8221;#747d88&#8243; box_shadow_style_image=&#8221;preset3&#8243;]<\/p>\n<p style=\"text-align: center;\">Kosmetisk akupunktur er en smertefri og naturlig m\u00e5te \u00e5 redusere rynker, hovne \u00f8yne, minske arr og bidra til en sunn og frisk hud.<\/p>\n<p>[\/et_pb_blurb][\/et_pb_column][\/et_pb_row][et_pb_row column_structure=&#8221;1_3,1_3,1_3&#8243; use_custom_gutter=&#8221;on&#8221; make_equal=&#8221;on&#8221; _builder_version=&#8221;4.6.3&#8243; background_color=&#8221;#FFFFFF&#8221; custom_margin=&#8221;||||false|true&#8221; custom_padding=&#8221;40px|40px|40px|40px|true|true&#8221;][et_pb_column type=&#8221;1_3&#8243; _builder_version=&#8221;3.25&#8243; custom_padding=&#8221;20px|20px|20px|20px|true|true&#8221; box_shadow_style=&#8221;preset2&#8243; custom_padding__hover=&#8221;|||&#8221;][et_pb_blurb title=&#8221;Tui Na Massaje&#8221; image=&#8221;https:\/\/www.medoslo.no\/tkm\/wp-content\/uploads\/2020\/09\/TuiNaMassasje-Pix3666269-300&#215;300.jpg&#8221; alt=&#8221;Tui Na Massasje&#8221; image_max_width=&#8221;80%&#8221; module_class=&#8221;hyperlink-color&#8221; _builder_version=&#8221;4.7.3&#8243; header_level=&#8221;h3&#8243; header_font=&#8221;|700|||||||&#8221; header_text_color=&#8221;#747d88&#8243; body_font=&#8221;Open Sans||||||||&#8221; body_text_color=&#8221;#747d88&#8243; body_font_size=&#8221;18px&#8221; background_color=&#8221;rgba(0,0,0,0)&#8221; text_orientation=&#8221;center&#8221; border_radii_image=&#8221;on|50%|50%|50%|50%&#8221; border_width_all_image=&#8221;4px&#8221; border_color_all_image=&#8221;#747d88&#8243; box_shadow_style_image=&#8221;preset3&#8243;]<\/p>\n<p style=\"text-align: center;\">Massasje stimulerer kroppen til \u00e5 \u00f8ke blodsirkulasjonen og energistr\u00f8mmen til muskler, ledd og ligamenter. Bruker mange av de samme prinsippene som for akupunktur.<\/p>\n<p style=\"text-align: center;\"><a href=\"..\/massasjeterapi\/#tuina\">Les mer<\/a><\/p>\n<p>[\/et_pb_blurb][\/et_pb_column][et_pb_column type=&#8221;1_3&#8243; _builder_version=&#8221;3.25&#8243; custom_padding=&#8221;20px|20px|20px|20px|true|true&#8221; box_shadow_style=&#8221;preset2&#8243; custom_padding__hover=&#8221;|||&#8221;][et_pb_blurb title=&#8221;Soneterapi&#8221; image=&#8221;https:\/\/www.medoslo.no\/tkm\/wp-content\/uploads\/2020\/11\/Fotsoneterapi-300&#215;300.jpg&#8221; alt=&#8221;Fotsoneterapi&#8221; image_max_width=&#8221;80%&#8221; module_class=&#8221;hyperlink-color&#8221; _builder_version=&#8221;4.6.6&#8243; _dynamic_attributes=&#8221;link_option_url&#8221; header_level=&#8221;h3&#8243; header_font=&#8221;|700|||||||&#8221; header_text_color=&#8221;#747d88&#8243; body_font=&#8221;Open Sans||||||||&#8221; body_text_color=&#8221;#747d88&#8243; body_font_size=&#8221;18px&#8221; background_color=&#8221;rgba(0,0,0,0)&#8221; text_orientation=&#8221;center&#8221; link_option_url=&#8221;@ET-DC@eyJkeW5hbWljIjp0cnVlLCJjb250ZW50IjoicG9zdF9saW5rX3VybF9wYWdlIiwic2V0dGluZ3MiOnsicG9zdF9pZCI6IjQ4MiJ9fQ==@&#8221; border_radii_image=&#8221;on|50%|50%|50%|50%&#8221; border_width_all_image=&#8221;4px&#8221; border_color_all_image=&#8221;#747d88&#8243; box_shadow_style_image=&#8221;preset3&#8243;]<\/p>\n<p style=\"text-align: center;\">Soneterapi er en naturlig og medisinfri behandlingsform som via fots\u00e5len eller h\u00e5ndflaten styrker kroppen b\u00e5de fysisk og psykisk. Det\u00a0fungerer like bra p\u00e5 kroniske som akutte problemer.\u00a0<\/p>\n<p style=\"text-align: center;\"><a href=\"..\/soneterapi\">Les mer<\/a><\/p>\n<p>[\/et_pb_blurb][\/et_pb_column][et_pb_column type=&#8221;1_3&#8243; _builder_version=&#8221;3.25&#8243; custom_padding=&#8221;20px|20px|20px|20px|true|true&#8221; box_shadow_style=&#8221;preset2&#8243; custom_padding__hover=&#8221;|||&#8221;][et_pb_blurb title=&#8221;Kopping&#8221; image=&#8221;https:\/\/www.medoslo.no\/tkm\/wp-content\/uploads\/2020\/09\/cuppingfreepik-5076-300&#215;300.jpg&#8221; alt=&#8221;Kopping&#8221; image_max_width=&#8221;80%&#8221; module_class=&#8221;hyperlink-color&#8221; _builder_version=&#8221;4.6.5&#8243; _dynamic_attributes=&#8221;link_option_url&#8221; header_level=&#8221;h3&#8243; header_font=&#8221;|700|||||||&#8221; header_text_color=&#8221;#747d88&#8243; body_font=&#8221;Open Sans||||||||&#8221; body_text_color=&#8221;#747d88&#8243; body_font_size=&#8221;18px&#8221; background_color=&#8221;rgba(0,0,0,0)&#8221; text_orientation=&#8221;center&#8221; link_option_url=&#8221;@ET-DC@eyJkeW5hbWljIjp0cnVlLCJjb250ZW50IjoicG9zdF9saW5rX3VybF9wYWdlIiwic2V0dGluZ3MiOnsicG9zdF9pZCI6IjQyOSJ9fQ==@&#8221; border_radii_image=&#8221;on|50%|50%|50%|50%&#8221; border_width_all_image=&#8221;4px&#8221; border_color_all_image=&#8221;#747d88&#8243; box_shadow_style_image=&#8221;preset3&#8243;]<\/p>\n<p>Kopping Reparerer bindevevet som ligger over musklene. Det er ofte \u00f8kt veske og lymfe\u00f8dem som gir smerter.<\/p>\n<p><a href=\"..\/kopping\">Les mer<\/a><\/p>\n<p>[\/et_pb_blurb][\/et_pb_column][\/et_pb_row][et_pb_row column_structure=&#8221;1_3,1_3,1_3&#8243; use_custom_gutter=&#8221;on&#8221; make_equal=&#8221;on&#8221; _builder_version=&#8221;4.6.3&#8243; background_color=&#8221;#FFFFFF&#8221; custom_margin=&#8221;||||false|true&#8221; custom_padding=&#8221;40px|40px|40px|40px|true|true&#8221;][et_pb_column type=&#8221;1_3&#8243; _builder_version=&#8221;3.25&#8243; custom_padding=&#8221;20px|20px|20px|20px|true|true&#8221; box_shadow_style=&#8221;preset2&#8243; custom_padding__hover=&#8221;|||&#8221;][et_pb_blurb title=&#8221;Yoga Stretch Massaje&#8221; image=&#8221;https:\/\/www.medoslo.no\/tkm\/wp-content\/uploads\/2020\/09\/yogastretch2-300&#215;300.jpg&#8221; image_max_width=&#8221;80%&#8221; content_last_edited=&#8221;off|phone&#8221; module_class=&#8221;hyperlink-color&#8221; _builder_version=&#8221;4.6.6&#8243; header_level=&#8221;h3&#8243; header_font=&#8221;|700|||||||&#8221; header_text_color=&#8221;#747d88&#8243; body_font=&#8221;Open Sans||||||||&#8221; body_text_color=&#8221;#747d88&#8243; body_font_size=&#8221;18px&#8221; background_color=&#8221;rgba(0,0,0,0)&#8221; text_orientation=&#8221;center&#8221; border_radii_image=&#8221;on|50%|50%|50%|50%&#8221; border_width_all_image=&#8221;4px&#8221; border_color_all_image=&#8221;#747d88&#8243; box_shadow_style_image=&#8221;preset3&#8243;]<\/p>\n<p style=\"text-align: center;\">Yoga stretch massasje som inneb\u00e6rer t\u00f8yning og strekk av muskler og ledd. Bruker yoga tekniker kombinert med meridianer. Tilpasses ift til den\u00a0 enkelte smerter.<\/p>\n<p style=\"text-align: center;\"><a href=\"..\/Yoga_Stretch\">Les mer<\/a><\/p>\n<p>[\/et_pb_blurb][\/et_pb_column][et_pb_column type=&#8221;1_3&#8243; _builder_version=&#8221;3.25&#8243; custom_padding=&#8221;20px|20px|20px|20px|true|true&#8221; box_shadow_style=&#8221;preset2&#8243; custom_padding__hover=&#8221;|||&#8221;][et_pb_blurb title=&#8221;RF Behandling&#8221; image=&#8221;https:\/\/www.medoslo.no\/tkm\/wp-content\/uploads\/2020\/09\/facial-care-pix3738355-300&#215;300.jpg&#8221; alt=&#8221;RF-Behandling&#8221; image_max_width=&#8221;80%&#8221; module_class=&#8221;hyperlink-color&#8221; _builder_version=&#8221;4.7.3&#8243; header_level=&#8221;h3&#8243; header_font=&#8221;|700|||||||&#8221; header_text_color=&#8221;#747d88&#8243; body_font=&#8221;Open Sans||||||||&#8221; body_text_color=&#8221;#747d88&#8243; body_font_size=&#8221;18px&#8221; background_color=&#8221;rgba(0,0,0,0)&#8221; text_orientation=&#8221;center&#8221; border_radii_image=&#8221;on|50%|50%|50%|50%&#8221; border_width_all_image=&#8221;4px&#8221; border_color_all_image=&#8221;#747d88&#8243; box_shadow_style_image=&#8221;preset3&#8243;]<\/p>\n<p style=\"text-align: center;\">Kosmetisk RF behandling er en sk\u00e5nsom metode som kan redusere rynker og slapphet i huden, behandle cellulitter, og strekkmerker og redusere lokaliserte fettansamlinger.<\/p>\n<p style=\"text-align: center;\"><a href=\"..\/rf-behandling\">Les mer<\/a><\/p>\n<p>[\/et_pb_blurb][\/et_pb_column][et_pb_column type=&#8221;1_3&#8243; _builder_version=&#8221;3.25&#8243; custom_padding=&#8221;20px|20px|20px|20px|true|true&#8221; box_shadow_style=&#8221;preset2&#8243; custom_padding__hover=&#8221;|||&#8221;][et_pb_blurb title=&#8221;Kavitasjon&#8221; image=&#8221;https:\/\/www.medoslo.no\/tkm\/wp-content\/uploads\/2020\/09\/Kavitasjon-300&#215;300.jpg&#8221; alt=&#8221;Kavitasjon&#8221; image_max_width=&#8221;80%&#8221; module_class=&#8221;hyperlink-color&#8221; _builder_version=&#8221;4.6.5&#8243; header_level=&#8221;h3&#8243; header_font=&#8221;|700|||||||&#8221; header_text_color=&#8221;#747d88&#8243; body_font=&#8221;Open Sans||||||||&#8221; body_text_color=&#8221;#747d88&#8243; body_font_size=&#8221;18px&#8221; background_color=&#8221;rgba(0,0,0,0)&#8221; text_orientation=&#8221;center&#8221; border_radii_image=&#8221;on|50%|50%|50%|50%&#8221; border_width_all_image=&#8221;4px&#8221; border_color_all_image=&#8221;#747d88&#8243; box_shadow_style_image=&#8221;preset3&#8243;]<\/p>\n<p style=\"text-align: center;\">Kavitasjon utf\u00f8res ved hjelp av en\u00a0ultralydmaskin som \u00f8delegger fettcellene med h\u00f8yfrekvente lydb\u00f8lger.\u00a0N\u00e5r fettet smelter blir det mindre smerter, mindre \u00f8dem og fettet skilles lettere ut. Kombineres ofte med diett og \u00f8velser.<\/p>\n<p>[\/et_pb_blurb][\/et_pb_column][\/et_pb_row][et_pb_row column_structure=&#8221;1_3,1_3,1_3&#8243; use_custom_gutter=&#8221;on&#8221; make_equal=&#8221;on&#8221; _builder_version=&#8221;4.6.3&#8243; background_color=&#8221;#FFFFFF&#8221; custom_margin=&#8221;||||false|true&#8221; custom_padding=&#8221;40px|40px|40px|40px|true|true&#8221;][et_pb_column type=&#8221;1_3&#8243; _builder_version=&#8221;3.25&#8243; custom_padding=&#8221;20px|20px|20px|20px|true|true&#8221; box_shadow_style=&#8221;preset2&#8243; custom_padding__hover=&#8221;|||&#8221;][et_pb_blurb title=&#8221;Mannens Helse&#8221; image=&#8221;https:\/\/www.medoslo.no\/tkm\/wp-content\/uploads\/2020\/10\/young-man-1323605x-300&#215;300.jpg&#8221; alt=&#8221;Kryolipolyse&#8221; image_max_width=&#8221;80%&#8221; module_class=&#8221;hyperlink-color&#8221; _builder_version=&#8221;4.6.6&#8243; header_level=&#8221;h3&#8243; header_font=&#8221;|700|||||||&#8221; header_text_color=&#8221;#747d88&#8243; body_font=&#8221;Open Sans||||||||&#8221; body_text_color=&#8221;#747d88&#8243; body_font_size=&#8221;18px&#8221; background_color=&#8221;rgba(0,0,0,0)&#8221; text_orientation=&#8221;center&#8221; border_radii_image=&#8221;on|50%|50%|50%|50%&#8221; border_width_all_image=&#8221;4px&#8221; border_color_all_image=&#8221;#747d88&#8243; box_shadow_style_image=&#8221;preset3&#8243;]<\/p>\n<p style=\"text-align: center;\">Mange plager er knyttet til mannens hormonbalanse. Dette er ofte oversett. Rask og god effekt p\u00e5\u00a0symptomer som ereksjonssvikt, for tidlig s\u00e6davgang, prostatitt og vannlatingsproblemer.<\/p>\n<p>[\/et_pb_blurb][\/et_pb_column][et_pb_column type=&#8221;1_3&#8243; _builder_version=&#8221;3.25&#8243; custom_padding=&#8221;20px|20px|20px|20px|true|true&#8221; box_shadow_style=&#8221;preset2&#8243; custom_padding__hover=&#8221;|||&#8221;][et_pb_blurb title=&#8221;Kryolipolyse&#8221; image=&#8221;https:\/\/www.medoslo.no\/tkm\/wp-content\/uploads\/2020\/09\/girl-pix2306804-300&#215;300.jpg&#8221; alt=&#8221;Kryolipolyse&#8221; image_max_width=&#8221;80%&#8221; module_class=&#8221;hyperlink-color&#8221; _builder_version=&#8221;4.6.5&#8243; header_level=&#8221;h3&#8243; header_font=&#8221;|700|||||||&#8221; header_text_color=&#8221;#747d88&#8243; body_font=&#8221;Open Sans||||||||&#8221; body_text_color=&#8221;#747d88&#8243; body_font_size=&#8221;18px&#8221; background_color=&#8221;rgba(0,0,0,0)&#8221; text_orientation=&#8221;center&#8221; border_radii_image=&#8221;on|50%|50%|50%|50%&#8221; border_width_all_image=&#8221;4px&#8221; border_color_all_image=&#8221;#747d88&#8243; box_shadow_style_image=&#8221;preset3&#8243;]<\/p>\n<p style=\"text-align: center;\">Kryolipolyse er en fryseteknikk som p\u00e5 en kontrollert m\u00e5te bryter ned fettceller. Fettcellene er spesielt utsatt for kuldeeffekter, i motsetning til andre typer celler.\u00a0<\/p>\n<p>[\/et_pb_blurb][\/et_pb_column][et_pb_column type=&#8221;1_3&#8243; _builder_version=&#8221;3.25&#8243; custom_padding=&#8221;20px|20px|20px|20px|true|true&#8221; box_shadow_style=&#8221;preset2&#8243; custom_padding__hover=&#8221;|||&#8221;][et_pb_blurb title=&#8221;Kvinnens Helse&#8221; image=&#8221;https:\/\/www.medoslo.no\/tkm\/wp-content\/uploads\/2020\/10\/infant-5458690x-300&#215;300.jpg&#8221; image_max_width=&#8221;80%&#8221; module_class=&#8221;hyperlink-color&#8221; _builder_version=&#8221;4.7.3&#8243; header_level=&#8221;h3&#8243; header_font=&#8221;|700|||||||&#8221; header_text_color=&#8221;#747d88&#8243; body_font=&#8221;Open Sans||||||||&#8221; body_text_color=&#8221;#747d88&#8243; body_font_size=&#8221;18px&#8221; background_color=&#8221;rgba(0,0,0,0)&#8221; text_orientation=&#8221;center&#8221; border_radii_image=&#8221;on|50%|50%|50%|50%&#8221; border_width_all_image=&#8221;4px&#8221; border_color_all_image=&#8221;#747d88&#8243; box_shadow_style_image=&#8221;preset3&#8243;]<\/p>\n<p style=\"text-align: center;\">Mange plager er knyttet til kvinnens hormonbalanse. Tradisjonell kinesisk medisin gjenoppretter\u00a0denne. Egen behandling for mor-barn.<\/p>\n<p style=\"text-align: center;\"><a href=\"..\/kvinne\">Les mer<\/a><\/p>\n<p>[\/et_pb_blurb][\/et_pb_column][\/et_pb_row][\/et_pb_section]<\/p>\n","protected":false},"excerpt":{"rendered":"<p>MEDIchi BEHANDLINGER Hos oss kan du bestille hver behandling for seg eller du kan f\u00e5 en kombinasjon av enkelte behandlinger, som f.eks. en kombinasjon av akupunktur og soneterapi, eller akupunktur og kopping.Akupunktur kan brukes som behandling p\u00e5 en lang rekke tilstander og helseproblemer. I tillegg kan akupunktur benyttes som en forebyggende og velv\u00e6rebehandling. Les merGua [&hellip;]<\/p>\n","protected":false},"author":1,"featured_media":0,"parent":0,"menu_order":0,"comment_status":"closed","ping_status":"closed","template":"","meta":{"_et_pb_use_builder":"on","_et_pb_old_content":"","_et_gb_content_width":""},"_links":{"self":[{"href":"https:\/\/www.medoslo.no\/tkm\/wp-json\/wp\/v2\/pages\/61"}],"collection":[{"href":"https:\/\/www.medoslo.no\/tkm\/wp-json\/wp\/v2\/pages"}],"about":[{"href":"https:\/\/www.medoslo.no\/tkm\/wp-json\/wp\/v2\/types\/page"}],"author":[{"embeddable":true,"href":"https:\/\/www.medoslo.no\/tkm\/wp-json\/wp\/v2\/users\/1"}],"replies":[{"embeddable":true,"href":"https:\/\/www.medoslo.no\/tkm\/wp-json\/wp\/v2\/comments?post=61"}],"version-history":[{"count":51,"href":"https:\/\/www.medoslo.no\/tkm\/wp-json\/wp\/v2\/pages\/61\/revisions"}],"predecessor-version":[{"id":1430,"href":"https:\/\/www.medoslo.no\/tkm\/wp-json\/wp\/v2\/pages\/61\/revisions\/1430"}],"wp:attachment":[{"href":"https:\/\/www.medoslo.no\/tkm\/wp-json\/wp\/v2\/media?parent=61"}],"curies":[{"name":"wp","href":"https:\/\/api.w.org\/{rel}","templated":true}]}}